y 101?
12
Suppose -11*m = 24*m - 23065. Calculate the remainder when m is divided by 22.
21
Suppose y - 5*m - 66 = 0, y + m = -3*m + 39. Suppose 3*n - 39 = -4*g - 2, y = 5*n + 4*g. What is the remainder when 26 is divided by n?
5
Let r be (2 - -1) + 8 + -7. Suppose 3*z + 54 = -r*i, 9 = -2*i + 4*z - 7. Calculate the remainder when (4/i)/(1/(-69)) is divided by 8.
7
Suppose 0 = -5*h - 3*u - 185, 0 = 5*h + 4*u + u + 195. Let w = 43 - h. Let z = w - 55. What is the remainder when 42 is divided by z?
20
Let u(j) = 35*j**2 - 4*j + 6. Calculate the remainder when u(3) is divided by 105.
99
Suppose -156 = 1842*p - 1848*p. What is the remainder when 305 is divided by p?
19
Suppose -3*n - 1 = -4. Let w(o) = -2*o + 31. What is the remainder when w(15) is divided by n?
0
Suppose 4*k + n = -20, n - 3*n = 0. Let z = 9 + k. Suppose z*h = i + 72, 3*i + 0*i = 5*h - 97. Calculate the remainder when 67 is divided by h.
16
Let d(i) = 9*i**2. Let t(u) = -10*u + 11. Let a be t(-2). What is the remainder when d(-1) is divided by -4*(6/27 - a/18)?
3
Let w = -49 + 61. Calculate the remainder when (-2)/3 - 69/(-9) is divided by 74/12 - 1 - 2/w.
2
Let n = 323 + -306. Calculate the remainder when 45 is divided by n.
11
Let n(u) be the first derivative of 0 + 13*u**2 - 7 + 11*u**2 + 8*u - 22*u**2. Calculate the remainder when n(4) is divided by 9.
6
Suppose -323 + 83 = 8*r. What is the remainder when (-93)/(-5) + r/50 is divided by 11?
7
Suppose -49 = -h + 3*o - o, 5*h + 2*o - 233 = 0. What is the remainder when 224 is divided by h?
36
Let c(a) = a**3 + 5*a**2 - 5*a - 2. Calculate the remainder when 65 is divided by c(-5).
19
Let y(u) be the first derivative of 1 + 1/2*u**2 - 1/2*u**4 + 0*u + 1/3*u**3. Calculate the remainder when 2 is divided by y(-1).
0
Suppose 17*j = -0*j + 1207. What is the remainder when j is divided by 18?
17
Let x(i) = -7*i**2 + 25*i + 56. Let g(b) = b**2 - b - 1. Let w(q) = -6*g(q) - x(q). Calculate the remainder when 60 is divided by w(22).
12
Let i = 79 + -40. Let z(r) = 13*r - 15. Let w(q) = -7*q + 8. Let a(n) = 7*w(n) + 4*z(n). Calculate the remainder when i is divided by a(6).
11
Let p = -18 + 20. Suppose 48 = p*b + 10. Calculate the remainder when 34 is divided by b.
15
Let b = -97 - -161. Let z = 86 + b. Calculate the remainder when z is divided by 38.
36
Calculate the remainder when (13623/(-478))/((-2)/4) is divided by 33.
24
Let r = 7 + -4. Calculate the remainder when 0 + 4 + -1 + 24 is divided by 88/6 + 1/r.
12
Let s be (6/3 - 2)/(-2). Calculate the remainder when -1 + (s - -89 - -4) is divided by 19.
16
Let p(c) be the third derivative of 11*c**2 - 1/3*c**3 + 0*c - 7/12*c**4 + 0. What is the remainder when 33 is divided by p(-1)?
9
Suppose 9 = 3*n + 3. Suppose 2*a - n*g - 26 = 0, g + 59 = 5*a - g. What is the remainder when a is divided by (0 + -1)/(5/(-20))?
3
Suppose -8*q = -5125 - 7267. Calculate the remainder when q is divided by 47.
45
Let j(y) = 2*y**2 - 12 + 6*y - y**2 - 2*y**2 - 16*y. Calculate the remainder when 14 is divided by j(-8).
2
Let g be 1/4 - (-228)/48. Suppose a - 19 = 5*d, a + 3*d + g = -0. Calculate the remainder when 10 is divided by a.
2
Suppose s = 3*s - 10. Suppose -s*o = 2*f - 45, 50 = 3*f + 4*o - 0. What is the remainder when f is divided by 4?
2
Let r(o) = o**2 + 3*o - 10. Let u be r(-7). Suppose -u = -25*v + 22*v. What is the remainder when v is divided by 4?
2
Let h be (-2)/(-4)*(-8 - -10). Let a = -3 + h. Calculate the remainder when 1 is divided by -4 - -6 - (-2)/a.
0
Calculate the remainder when (140/(-6))/(-3 + 28/12) is divided by 16.
3
Let s(r) = r**3 - 3 + 4*r - 4*r**2 + r**2 + 0*r**2. What is the remainder when 14 is divided by s(3)?
5
Suppose 121 + 31 = -4*u. Let s = u + 41. What is the remainder when 8 is divided by s?
2
Let h = -121 - -203. Calculate the remainder when h is divided by 42.
40
Calculate the remainder when (4 + 13 + -12)*(-243)/(-15) is divided by 46.
35
Suppose -2*n + 44 = -4*m, -n = 2*m + 2*n + 6. Let s(a) = a**3 + 3*a**2 - 3*a - 1. What is the remainder when (-12)/m + -2 + (-303)/(-9) is divided by s(-2)?
6
Let d be (4 + 0)/(-12)*-6*1. Suppose -d*v = -3*v + 20. What is the remainder when 79 is divided by v?
19
Suppose -i + n = -518, -i - 2*n + 472 = -37. Calculate the remainder when i is divided by 11.
9
Let q be 238/(-15) - ((-828)/(-135) - 6). Let l = q + 73. Suppose 3*u + u = 60. Calculate the remainder when l is divided by u.
12
Let s = -10 + 18. Suppose s*w - 14 = 7*w. Suppose -3*x + 5*r = -157, 165 = x + 2*x + 3*r. Calculate the remainder when x is divided by w.
12
Suppose 0 = -6*b + 8*b - 8. Suppose 12 = o - b*o. What is the remainder when (-1)/o*2*34 is divided by 10?
7
Let v be (24/(-9))/(5/(30/(-4))). Calculate the remainder when 14 is divided by 4 + v/(-22) + (-12)/(-66).
2
Calculate the remainder when (-25)/((12/96)/((-3)/20)) is divided by 28.
2
Let f = -14 + -19. Let r = -30 - f. What is the remainder when 13 is divided by r?
1
Let n(o) = o**2 - 5*o + 10. Let f = 159 - 146. Calculate the remainder when n(7) is divided by f.
11
Suppose 8 = -v - 3*b, 46 = -4*v - 4*b - b. Let c(j) = -3*j + 9. What is the remainder when c(v) is divided by 4/(-22) - 3200/(-176)?
15
Let f = 83 - 58. Let o = f - 10. Let z = o - 1. Calculate the remainder when 68 is divided by z.
12
Suppose o = -0*o - 62. Let p = -39 - o. What is the remainder when p is divided by 12?
11
Let g = 0 + 26. Calculate the remainder when g is divided by (-18 - -10)*(-14)/8.
12
Let h = 113 + -98. Let v(j) = j**2 + j + 27. What is the remainder when v(0) is divided by h?
12
What is the remainder when 210 is divided by 42 + -40 - 61*(2 - 3)?
21
Suppose 15*r + 37*r - 15340 = 0. What is the remainder when r is divided by 16?
7
What is the remainder when 314/4 - ((-120)/16 + 7) is divided by 20?
19
Suppose 120 = -18*j + 24*j. What is the remainder when 58 is divided by j?
18
Suppose 0 = -0*t - 29*t + 348. What is the remainder when 31 is divided by t?
7
Let p = -118 + 227. Suppose -p = -3*n + 2. What is the remainder when n is divided by 10?
7
Let j(h) = -h**2 - 17*h - 20. Calculate the remainder when 412 is divided by j(-6).
44
Let l(h) = -h**2 - 16*h - 31. Calculate the remainder when 58 is divided by l(-7).
26
Suppose -24 = -3*q + 21. Let j be (9 - 8) + 34*1. Suppose 0 = 2*f - j - 21. Calculate the remainder when f is divided by q.
13
Suppose 3*x - k = 153, 4*x + k = 6*k + 204. Let d = x + 0. What is the remainder when d is divided by 9?
6
Let n(q) = -19*q**3 - q**2. Calculate the remainder when -5 + 291/3 + -5 is divided by n(-1).
15
Let i(n) = 23*n**2 + 3*n - 3. Calculate the remainder when i(2) is divided by 40.
15
Let l = 1 + 0. Let q be (-6)/(-48) - (-174)/16. Suppose q = 3*i - 1. Calculate the remainder when i is divided by l.
0
Let i(u) be the third derivative of u**6/120 - 7*u**5/60 - 2*u**4/3 - 2*u**3/3 + u**2. What is the remainder when i(9) is divided by 11?
3
Let m(f) = -2*f - 15. What is the remainder when m(-32) is divided by 46?
3
Calculate the remainder when 27 + 3/(-5) + 112/20 is divided by 3.
2
Suppose 7*l - 15*q = -17*q + 3409, 3*q = 4*l - 1948. Calculate the remainder when l is divided by 99.
91
Let u be -103*4/6*(-9)/6. Let s = 114 - u. Calculate the remainder when 41 is divided by s.
8
Suppose -24 = 2*b - 8. Calculate the remainder when 24 is divided by 1 + 6/b - 663/(-52).
11
Suppose -66 = 2*h + 5*l - 2*l, 4*h + 172 = 4*l. Suppose -2*k + 4*k + 154 = 0. Let p = h - k. Calculate the remainder when p is divided by 14.
10
Let x(d) = -d**3 - 2*d**2 + d - 1. Let o be x(-3). Suppose -2*s + 5*h = 7 - 0, o*s + 3*h - 60 = 0. What is the remainder when 35 is divided by s?
8
Let w(q) = -q**3 - 12*q**2 + 11*q + 6. Suppose 0*n = -k + 2*n - 15, 4*n - 69 = 5*k. What is the remainder when w(k) is divided by 7?
4
Let p = 8 + -18. Let a = 33 + p. Calculate the remainder when a is divided by 12.
11
Let x(l) = l**2 + 36*l - 275. What is the remainder when 76 is divided by x(7)?
24
Suppose 0 = 27*b + 19*b - 322. What is the remainder when 93 is divided by b?
2
Let z be (-16)/(-24) + 372/9. Suppose z + 14 = 2*v. Calculate the remainder when 83 is divided by v.
27
Let g be 16/(-72) + (-1703)/(-9). Let s = g - 104. Calculate the remainder when s is divided by 22.
19
Suppose -3*t = 0, -9*x + 5*x + 5*t + 952 = 